{"id":470,"date":"2021-04-27T15:55:02","date_gmt":"2021-04-27T15:55:02","guid":{"rendered":"https:\/\/poliambulatorioprivatomedico.com\/poli\/?page_id=470"},"modified":"2021-05-01T13:05:26","modified_gmt":"2021-05-01T13:05:26","slug":"umberto-pratella","status":"publish","type":"page","link":"https:\/\/poliambulatorioprivatomedico.com\/poli\/umberto-pratella\/","title":{"rendered":"UMBERTO PRATELLA"},"content":{"rendered":"\n<h2 class=\"wp-block-heading\">DOTT. UMBERTO PRATELLA<\/h2>\n\n\n\n<p class=\"has-text-align-left has-colibri-color-6-color has-text-color\">Si \u00e8 laureato in <strong>Odontoiatria e Protesi Dentaria presso l&#8217;Universit\u00e0 degli Studi di Bologna.<\/strong> <strong>E&#8217; stato laureato frequentatore nel 92-93-94 presso la Clinica Odontoiatrica di Bologna nei reparti di Conservativa e Parodontologia.<br>Ha conseguito il titolo di Dottore in Ricerca (Ph.D.) in Tecnologie Biomediche nel 1997 presso il Dipartimento di Biochimica dell&#8217;Universit\u00e0 di Bologna, dopo una ricerca triennale su cementi vetroionomerici e materiali adesivi in conservativa e ortodonzia. <\/strong><\/p>\n\n\n\n<p class=\"has-text-align-left has-colibri-color-6-color has-text-color\">Frequenta numerosi corsi in Italia e all&#8217;estero soprattutto nelle discipline protesiche e chirurgiche, sulla maggior parte dei sistemi implantari e sulle tecniche rigenerative; \u00e8 allievo di Glauco Marino, Mirko Lolli, Tomaso Vercellotti, Mario Molina e Giorgio Magnano. E&#8217; socio I.C.O.I., relatore a diverse conferenze e congressi nazionali ed internazionali, autore di alcune pubblicazioni su riviste nazionali ed internazionali e di un video sulla preparazione della sala operatoria in collaborazione con aziende leader nel settore implantologico.<\/p>\n\n\n\n<p class=\"has-text-align-left has-colibri-color-6-color has-text-color\">E&#8217; socio fondatore della Piezosurgery Academy in cui fa parte del Consiglio di Presidenza con l&#8217;incarico di Tesoriere.<br>Ha collaborato alla traduzione dall&#8217;inglese di alcuni testi sull&#8217;occlusione e l&#8217;implantologia.<br>Tiene corsi teorico-pratici annuali sulla diagnostica, la chirurgia e la protesi in implantologia.<br>E&#8217; libero professionista in Bologna dal 1992 e collabora con diversi studi in tutta Italia limitatamente alla protesi e all&#8217;implantologia.<\/p>\n\n\n\n<div class=\"wp-block-cover aligncenter has-background-dim\"><img loading=\"lazy\" decoding=\"async\" width=\"1024\" height=\"1024\" class=\"wp-block-cover__image-background wp-image-180\" alt=\"\" src=\"https:\/\/poliambulatorioprivatomedico.com\/poli\/wp-content\/uploads\/2021\/04\/cropped-BN-POLI-9-1024x1024.png\" data-object-fit=\"cover\" srcset=\"https:\/\/poliambulatorioprivatomedico.com\/poli\/wp-content\/uploads\/2021\/04\/cropped-BN-POLI-9-1024x1024.png 1024w, https:\/\/poliambulatorioprivatomedico.com\/poli\/wp-content\/uploads\/2021\/04\/cropped-BN-POLI-9-300x300.png 300w, https:\/\/poliambulatorioprivatomedico.com\/poli\/wp-content\/uploads\/2021\/04\/cropped-BN-POLI-9-150x150.png 150w, https:\/\/poliambulatorioprivatomedico.com\/poli\/wp-content\/uploads\/2021\/04\/cropped-BN-POLI-9-768x768.png 768w, https:\/\/poliambulatorioprivatomedico.com\/poli\/wp-content\/uploads\/2021\/04\/cropped-BN-POLI-9-640x640.png 640w, https:\/\/poliambulatorioprivatomedico.com\/poli\/wp-content\/uploads\/2021\/04\/cropped-BN-POLI-9-50x50.png 50w, https:\/\/poliambulatorioprivatomedico.com\/poli\/wp-content\/uploads\/2021\/04\/cropped-BN-POLI-9.png 1087w\" sizes=\"auto, (max-width: 1024px) 100vw, 1024px\" \/><div class=\"wp-block-cover__inner-container is-layout-flow wp-block-cover-is-layout-flow\">\n<p class=\"has-large-font-size\"><\/p>\n<\/div><\/div>\n\n\n\n<h2 class=\"wp-block-heading\"><br>CHIRURGIA<\/h2>\n\n\n\n<p class=\"has-colibri-color-6-color has-text-color\">Nella chirurgia sono comprese tante branche: <strong>le estrazioni di denti del giudizio inclusi, l&#8217;implantologia, la chirurgia plastica muco gengivale, la rimozione di cisti e le apicectomie, la chirurgia parodontale, cio\u00e8 riguardante i tessuti di sostegno dei denti, la chirurgia ortodontica. In tutte queste specialit\u00e0 gli obiettivi principali sono quelli di operare nella massima sicurezza per il paziente, con il maggior confort, il migliore controllo intraoperatorio del dolore e dell&#8217;ansia, ottenere il miglior risultato possibile con una durata dell&#8217;intervento ridotta e una pianificazione precisa e sistematica di tutte le fasi.<\/strong><\/p>\n\n\n\n<p class=\"has-colibri-color-6-color has-text-color\">Anche il post operatorio deve essere pi\u00f9 confortevole possibile, riducendo al minimo i disagi sia estetici che funzionali. Lo sforzo per ottenere questi risultati passa attraverso un protocollo di passaggi accurati; prima di tutto dalla diagnosi sia medica che specialistica, che sfrutta principalmente strumenti radiologici digitali sofisticati e a bassa dose di radiazioni come l&#8217;endorale, la panoramica digitale e la TAC Cone Beam. Questi esami vengono abbinati a software di elaborazione tridimensionale e progettazione prechirurgica, in modo tale che nulla venga lasciato all&#8217;improvvisazione, sia che si tratti di impianti o di denti del giudizio.<\/p>\n\n\n\n<p class=\"has-colibri-color-6-color has-text-color\">Il paziente ha poi la possibilit\u00e0 di sottoporsi a trattamento chirurgico in sedazione cosciente, sempre e comunque sotto monitoraggio cardio-respiratorio e farmacologico; questa opzione, sempre pi\u00f9 usata, riduce i rischi intraoperatori e rende la seduta chirurgica molto pi\u00f9 piacevole al paziente, oltre a limitare i fastidi e i gonfiori del dopo intervento.<br>Tutta la chirurgia ossea (cio\u00e8 dalle estrazioni agli impianti) viene svolta non con strumenti tradizionali, ma con innovativi apparecchi ad ultrasuoni che rendono molto pi\u00f9 sicuro l&#8217;intervento, oltre che preciso e meno invasivo. Il principale vantaggio di questi apparecchi sta nel fatto che tagliano solo i tessuti duri, cio\u00e8 l&#8217;osso, senza minimamente lesionare i tessuti molli in modo da salvaguardare con grande precisione e sicurezza strutture anatomiche come per esempio gengive, guance, vasi e nervi che diversamente potrebbero essere inavvertitamente danneggiate; migliora e accelera inoltre i meccanismi di guarigione ossea, rendendo il post operatorio pi\u00f9 rapido e leggero.<\/p>\n\n\n\n<figure class=\"wp-block-gallery columns-4 is-cropped wp-block-gallery-1 is-layout-flex wp-block-gallery-is-layout-flex\"><ul class=\"blocks-gallery-grid\"><li class=\"blocks-gallery-item\"><figure><a href=\"https:\/\/poliambulatorioprivatomedico.com\/poli\/wp-content\/uploads\/2021\/04\/Immagine1.jpg\"><img loading=\"lazy\" decoding=\"async\" width=\"323\" height=\"334\" src=\"https:\/\/poliambulatorioprivatomedico.com\/poli\/wp-content\/uploads\/2021\/04\/Immagine1.jpg\" alt=\"\" data-id=\"1093\" data-full-url=\"https:\/\/poliambulatorioprivatomedico.com\/poli\/wp-content\/uploads\/2021\/04\/Immagine1.jpg\" data-link=\"https:\/\/poliambulatorioprivatomedico.com\/poli\/?attachment_id=1093\" class=\"wp-image-1093\" srcset=\"https:\/\/poliambulatorioprivatomedico.com\/poli\/wp-content\/uploads\/2021\/04\/Immagine1.jpg 323w, https:\/\/poliambulatorioprivatomedico.com\/poli\/wp-content\/uploads\/2021\/04\/Immagine1-290x300.jpg 290w\" sizes=\"auto, (max-width: 323px) 100vw, 323px\" \/><\/a><\/figure><\/li><li class=\"blocks-gallery-item\"><figure><a href=\"https:\/\/poliambulatorioprivatomedico.com\/poli\/wp-content\/uploads\/2021\/04\/Immagine2-1.jpg\"><img loading=\"lazy\" decoding=\"async\" width=\"230\" height=\"180\" src=\"https:\/\/poliambulatorioprivatomedico.com\/poli\/wp-content\/uploads\/2021\/04\/Immagine2-1.jpg\" alt=\"\" data-id=\"1094\" data-full-url=\"https:\/\/poliambulatorioprivatomedico.com\/poli\/wp-content\/uploads\/2021\/04\/Immagine2-1.jpg\" data-link=\"https:\/\/poliambulatorioprivatomedico.com\/poli\/?attachment_id=1094\" class=\"wp-image-1094\"\/><\/a><\/figure><\/li><li class=\"blocks-gallery-item\"><figure><a href=\"https:\/\/poliambulatorioprivatomedico.com\/poli\/wp-content\/uploads\/2021\/04\/Immagine3.jpg\"><img loading=\"lazy\" decoding=\"async\" width=\"797\" height=\"718\" src=\"https:\/\/poliambulatorioprivatomedico.com\/poli\/wp-content\/uploads\/2021\/04\/Immagine3.jpg\" alt=\"\" data-id=\"1095\" data-full-url=\"https:\/\/poliambulatorioprivatomedico.com\/poli\/wp-content\/uploads\/2021\/04\/Immagine3.jpg\" data-link=\"https:\/\/poliambulatorioprivatomedico.com\/poli\/?attachment_id=1095\" class=\"wp-image-1095\" srcset=\"https:\/\/poliambulatorioprivatomedico.com\/poli\/wp-content\/uploads\/2021\/04\/Immagine3.jpg 797w, https:\/\/poliambulatorioprivatomedico.com\/poli\/wp-content\/uploads\/2021\/04\/Immagine3-300x270.jpg 300w, https:\/\/poliambulatorioprivatomedico.com\/poli\/wp-content\/uploads\/2021\/04\/Immagine3-768x692.jpg 768w\" sizes=\"auto, (max-width: 797px) 100vw, 797px\" \/><\/a><\/figure><\/li><li class=\"blocks-gallery-item\"><figure><a href=\"https:\/\/poliambulatorioprivatomedico.com\/poli\/wp-content\/uploads\/2021\/04\/Immagine4.jpg\"><img loading=\"lazy\" decoding=\"async\" width=\"471\" height=\"293\" src=\"https:\/\/poliambulatorioprivatomedico.com\/poli\/wp-content\/uploads\/2021\/04\/Immagine4.jpg\" alt=\"\" data-id=\"1096\" data-full-url=\"https:\/\/poliambulatorioprivatomedico.com\/poli\/wp-content\/uploads\/2021\/04\/Immagine4.jpg\" data-link=\"https:\/\/poliambulatorioprivatomedico.com\/poli\/?attachment_id=1096\" class=\"wp-image-1096\" srcset=\"https:\/\/poliambulatorioprivatomedico.com\/poli\/wp-content\/uploads\/2021\/04\/Immagine4.jpg 471w, https:\/\/poliambulatorioprivatomedico.com\/poli\/wp-content\/uploads\/2021\/04\/Immagine4-300x187.jpg 300w\" sizes=\"auto, (max-width: 471px) 100vw, 471px\" \/><\/a><\/figure><\/li><\/ul><\/figure>\n\n\n\n<p class=\"has-colibri-color-6-color has-text-color\">Per accelerare e migliorare ulteriormente la guarigione \u00e8 possibile utilizzare un estratto del plasma del paziente stesso, ottenuto tramite un semplice prelievo ematico che viene poi centrifugato, in modo da poter disporre di un concentrato di fattori di crescita economico, sicuro, indolore senza rischi di allergie, infezioni crociate o contaminazioni di alcun tipo.<\/p>\n\n\n\n<p class=\"has-colibri-color-6-color has-text-color\">Tutte queste procedure trovano la maggiore indicazione nell&#8217;implantologia che, grazie ad esse, non ha quasi pi\u00f9 limiti dati dalla quantit\u00e0 o qualit\u00e0 ossea, dalla conformazione anatomica, dall&#8217;et\u00e0, dalla salute generale del paziente diventando cos\u00ec una disciplina sicura e prevedibile con risultati duraturi e soluzioni protesiche adatte a tutti. Infatti, grazie allo studio del caso e alla progettazione diagnostica, siamo in grado di scegliere tra le pi\u00f9 disparate tipologie di impianto per forma e dimensioni, in base alla posizione anatomica e alle esigenze estetiche; dove poi l&#8217;osso fosse scarso o assente, \u00e8 possibile rigenerarlo con molteplici tecniche ricostruttive.<\/p>\n\n\n\n<p class=\"has-colibri-color-6-color has-text-color\">La protesi, adeguata per esigenze estetiche e funzionali, \u00e8 poi la normale chiusura del cerchio in grado di fornire, grazie ad un corretto posizionamento degli impianti e all&#8217;utilizzo di nuovi materiali estetici, un ripristino naturale e duraturo della salute orale.<\/p>\n\n\n\n<h2 class=\"has-text-align-center wp-block-heading\">FREE TIME<\/h2>\n\n\n\n<div class=\"wp-block-image\"><figure class=\"aligncenter size-large\"><img loading=\"lazy\" decoding=\"async\" width=\"435\" height=\"656\" src=\"https:\/\/poliambulatorioprivatomedico.com\/poli\/wp-content\/uploads\/2021\/04\/PRATELLA-FREETIME.jpg\" alt=\"\" class=\"wp-image-1103\" srcset=\"https:\/\/poliambulatorioprivatomedico.com\/poli\/wp-content\/uploads\/2021\/04\/PRATELLA-FREETIME.jpg 435w, https:\/\/poliambulatorioprivatomedico.com\/poli\/wp-content\/uploads\/2021\/04\/PRATELLA-FREETIME-199x300.jpg 199w\" sizes=\"auto, (max-width: 435px) 100vw, 435px\" \/><figcaption>UMBERTO PRATELLA<\/figcaption><\/figure><\/div>\n\n\n\n<div class=\"wp-block-image\"><figure class=\"aligncenter size-large\"><img loading=\"lazy\" decoding=\"async\" width=\"966\" height=\"142\" src=\"https:\/\/poliambulatorioprivatomedico.com\/poli\/wp-content\/uploads\/2021\/05\/separatore.png\" alt=\"\" class=\"wp-image-1376\" srcset=\"https:\/\/poliambulatorioprivatomedico.com\/poli\/wp-content\/uploads\/2021\/05\/separatore.png 966w, https:\/\/poliambulatorioprivatomedico.com\/poli\/wp-content\/uploads\/2021\/05\/separatore-300x44.png 300w, https:\/\/poliambulatorioprivatomedico.com\/poli\/wp-content\/uploads\/2021\/05\/separatore-768x113.png 768w\" sizes=\"auto, (max-width: 966px) 100vw, 966px\" \/><\/figure><\/div>\n","protected":false},"excerpt":{"rendered":"<p>DOTT. UMBERTO PRATELLA Si \u00e8 laureato in Odontoiatria e Protesi Dentaria presso l&#8217;Universit\u00e0 degli Studi di Bologna. E&#8217; stato laureato frequentatore nel 92-93-94 presso la Clinica Odontoiatrica di Bologna nei reparti di Conservativa e Parodontologia.Ha conseguito il titolo di Dottore in Ricerca (Ph.D.) in Tecnologie Biomediche nel 1997 presso il Dipartimento di Biochimica dell&#8217;Universit\u00e0 di [&hellip;]<\/p>\n","protected":false},"author":1,"featured_media":0,"parent":0,"menu_order":0,"comment_status":"closed","ping_status":"closed","template":"","meta":{"footnotes":""},"class_list":["post-470","page","type-page","status-publish","hentry"],"yoast_head":"<!-- This site is optimized with the Yoast SEO plugin v26.4 - https:\/\/yoast.com\/wordpress\/plugins\/seo\/ -->\n<title>UMBERTO PRATELLA - Poliambulatorio Privato Medico Odontoiatrico S.r.l. | Via Frassoni,13\/1 - 41034 Finale Emilia (Mo) P.iva 01467380380 - C.C.I.A.A. LIC.SAN.10075 16 Iscr.Reg.Imprese MO-332935 Direttore Sanitario: Dottor Alberto Facchini<\/title>\n<meta name=\"robots\" content=\"index, follow, max-snippet:-1, max-image-preview:large, max-video-preview:-1\" \/>\n<link rel=\"canonical\" href=\"https:\/\/poliambulatorioprivatomedico.com\/poli\/umberto-pratella\/\" \/>\n<meta property=\"og:locale\" content=\"it_IT\" \/>\n<meta property=\"og:type\" content=\"article\" \/>\n<meta property=\"og:title\" content=\"UMBERTO PRATELLA - Poliambulatorio Privato Medico Odontoiatrico S.r.l. | Via Frassoni,13\/1 - 41034 Finale Emilia (Mo) P.iva 01467380380 - C.C.I.A.A. LIC.SAN.10075 16 Iscr.Reg.Imprese MO-332935 Direttore Sanitario: Dottor Alberto Facchini\" \/>\n<meta property=\"og:description\" content=\"DOTT. UMBERTO PRATELLA Si \u00e8 laureato in Odontoiatria e Protesi Dentaria presso l&#8217;Universit\u00e0 degli Studi di Bologna. E&#8217; stato laureato frequentatore nel 92-93-94 presso la Clinica Odontoiatrica di Bologna nei reparti di Conservativa e Parodontologia.Ha conseguito il titolo di Dottore in Ricerca (Ph.D.) in Tecnologie Biomediche nel 1997 presso il Dipartimento di Biochimica dell&#8217;Universit\u00e0 di [&hellip;]\" \/>\n<meta property=\"og:url\" content=\"https:\/\/poliambulatorioprivatomedico.com\/poli\/umberto-pratella\/\" \/>\n<meta property=\"og:site_name\" content=\"Poliambulatorio Privato Medico Odontoiatrico S.r.l. | Via Frassoni,13\/1 - 41034 Finale Emilia (Mo) P.iva 01467380380 - C.C.I.A.A. LIC.SAN.10075 16 Iscr.Reg.Imprese MO-332935 Direttore Sanitario: Dottor Alberto Facchini\" \/>\n<meta property=\"article:modified_time\" content=\"2021-05-01T13:05:26+00:00\" \/>\n<meta property=\"og:image\" content=\"https:\/\/poliambulatorioprivatomedico.com\/poli\/wp-content\/uploads\/2021\/04\/cropped-BN-POLI-9-1024x1024.png\" \/>\n<meta name=\"twitter:card\" content=\"summary_large_image\" \/>\n<meta name=\"twitter:label1\" content=\"Tempo di lettura stimato\" \/>\n\t<meta name=\"twitter:data1\" content=\"5 minuti\" \/>\n<script type=\"application\/ld+json\" class=\"yoast-schema-graph\">{\"@context\":\"https:\/\/schema.org\",\"@graph\":[{\"@type\":\"WebPage\",\"@id\":\"https:\/\/poliambulatorioprivatomedico.com\/poli\/umberto-pratella\/\",\"url\":\"https:\/\/poliambulatorioprivatomedico.com\/poli\/umberto-pratella\/\",\"name\":\"UMBERTO PRATELLA - Poliambulatorio Privato Medico Odontoiatrico S.r.l. | Via Frassoni,13\/1 - 41034 Finale Emilia (Mo) P.iva 01467380380 - C.C.I.A.A. LIC.SAN.10075 16 Iscr.Reg.Imprese MO-332935 Direttore Sanitario: Dottor Alberto Facchini\",\"isPartOf\":{\"@id\":\"https:\/\/poliambulatorioprivatomedico.com\/poli\/#website\"},\"primaryImageOfPage\":{\"@id\":\"https:\/\/poliambulatorioprivatomedico.com\/poli\/umberto-pratella\/#primaryimage\"},\"image\":{\"@id\":\"https:\/\/poliambulatorioprivatomedico.com\/poli\/umberto-pratella\/#primaryimage\"},\"thumbnailUrl\":\"https:\/\/poliambulatorioprivatomedico.com\/poli\/wp-content\/uploads\/2021\/04\/cropped-BN-POLI-9-1024x1024.png\",\"datePublished\":\"2021-04-27T15:55:02+00:00\",\"dateModified\":\"2021-05-01T13:05:26+00:00\",\"breadcrumb\":{\"@id\":\"https:\/\/poliambulatorioprivatomedico.com\/poli\/umberto-pratella\/#breadcrumb\"},\"inLanguage\":\"it-IT\",\"potentialAction\":[{\"@type\":\"ReadAction\",\"target\":[\"https:\/\/poliambulatorioprivatomedico.com\/poli\/umberto-pratella\/\"]}]},{\"@type\":\"ImageObject\",\"inLanguage\":\"it-IT\",\"@id\":\"https:\/\/poliambulatorioprivatomedico.com\/poli\/umberto-pratella\/#primaryimage\",\"url\":\"https:\/\/poliambulatorioprivatomedico.com\/poli\/wp-content\/uploads\/2021\/04\/cropped-BN-POLI-9.png\",\"contentUrl\":\"https:\/\/poliambulatorioprivatomedico.com\/poli\/wp-content\/uploads\/2021\/04\/cropped-BN-POLI-9.png\",\"width\":1087,\"height\":1087,\"caption\":\"Lo staff al POLIAMBULATORIO PRIVATO MEDICO ODONTOIATRICO FINALE EMILIA\"},{\"@type\":\"BreadcrumbList\",\"@id\":\"https:\/\/poliambulatorioprivatomedico.com\/poli\/umberto-pratella\/#breadcrumb\",\"itemListElement\":[{\"@type\":\"ListItem\",\"position\":1,\"name\":\"Home\",\"item\":\"https:\/\/poliambulatorioprivatomedico.com\/poli\/\"},{\"@type\":\"ListItem\",\"position\":2,\"name\":\"UMBERTO PRATELLA\"}]},{\"@type\":\"WebSite\",\"@id\":\"https:\/\/poliambulatorioprivatomedico.com\/poli\/#website\",\"url\":\"https:\/\/poliambulatorioprivatomedico.com\/poli\/\",\"name\":\"Poliambulatorio Privato Medico Odontoiatrico S.r.l. | Via Frassoni,13\/1 - 41034 Finale Emilia (Mo) P.iva 01467380380 - C.C.I.A.A. LIC.SAN.10075 16 Iscr.Reg.Imprese MO-332935 Direttore Sanitario: Dottor Alberto Facchini\",\"description\":\"Uno di famiglia, per tutta la famiglia\",\"publisher\":{\"@id\":\"https:\/\/poliambulatorioprivatomedico.com\/poli\/#organization\"},\"potentialAction\":[{\"@type\":\"SearchAction\",\"target\":{\"@type\":\"EntryPoint\",\"urlTemplate\":\"https:\/\/poliambulatorioprivatomedico.com\/poli\/?s={search_term_string}\"},\"query-input\":{\"@type\":\"PropertyValueSpecification\",\"valueRequired\":true,\"valueName\":\"search_term_string\"}}],\"inLanguage\":\"it-IT\"},{\"@type\":\"Organization\",\"@id\":\"https:\/\/poliambulatorioprivatomedico.com\/poli\/#organization\",\"name\":\"Poliambulatorio Privato Medico Odontoiatrico S.r.l. | Via Frassoni,13\/1 - 41034 Finale Emilia (Mo) P.iva 01467380380 - C.C.I.A.A. LIC.SAN.10075 16 Iscr.Reg.Imprese MO-332935 Direttore Sanitario: Dottor Alberto Facchini\",\"url\":\"https:\/\/poliambulatorioprivatomedico.com\/poli\/\",\"logo\":{\"@type\":\"ImageObject\",\"inLanguage\":\"it-IT\",\"@id\":\"https:\/\/poliambulatorioprivatomedico.com\/poli\/#\/schema\/logo\/image\/\",\"url\":\"https:\/\/poliambulatorioprivatomedico.com\/poli\/wp-content\/uploads\/2021\/04\/logo-poli-bianco-sito.png\",\"contentUrl\":\"https:\/\/poliambulatorioprivatomedico.com\/poli\/wp-content\/uploads\/2021\/04\/logo-poli-bianco-sito.png\",\"width\":395,\"height\":84,\"caption\":\"Poliambulatorio Privato Medico Odontoiatrico S.r.l. | Via Frassoni,13\/1 - 41034 Finale Emilia (Mo) P.iva 01467380380 - C.C.I.A.A. LIC.SAN.10075 16 Iscr.Reg.Imprese MO-332935 Direttore Sanitario: Dottor Alberto Facchini\"},\"image\":{\"@id\":\"https:\/\/poliambulatorioprivatomedico.com\/poli\/#\/schema\/logo\/image\/\"}}]}<\/script>\n<!-- \/ Yoast SEO plugin. -->","yoast_head_json":{"title":"UMBERTO PRATELLA - Poliambulatorio Privato Medico Odontoiatrico S.r.l. | Via Frassoni,13\/1 - 41034 Finale Emilia (Mo) P.iva 01467380380 - C.C.I.A.A. LIC.SAN.10075 16 Iscr.Reg.Imprese MO-332935 Direttore Sanitario: Dottor Alberto Facchini","robots":{"index":"index","follow":"follow","max-snippet":"max-snippet:-1","max-image-preview":"max-image-preview:large","max-video-preview":"max-video-preview:-1"},"canonical":"https:\/\/poliambulatorioprivatomedico.com\/poli\/umberto-pratella\/","og_locale":"it_IT","og_type":"article","og_title":"UMBERTO PRATELLA - Poliambulatorio Privato Medico Odontoiatrico S.r.l. | Via Frassoni,13\/1 - 41034 Finale Emilia (Mo) P.iva 01467380380 - C.C.I.A.A. LIC.SAN.10075 16 Iscr.Reg.Imprese MO-332935 Direttore Sanitario: Dottor Alberto Facchini","og_description":"DOTT. UMBERTO PRATELLA Si \u00e8 laureato in Odontoiatria e Protesi Dentaria presso l&#8217;Universit\u00e0 degli Studi di Bologna. E&#8217; stato laureato frequentatore nel 92-93-94 presso la Clinica Odontoiatrica di Bologna nei reparti di Conservativa e Parodontologia.Ha conseguito il titolo di Dottore in Ricerca (Ph.D.) in Tecnologie Biomediche nel 1997 presso il Dipartimento di Biochimica dell&#8217;Universit\u00e0 di [&hellip;]","og_url":"https:\/\/poliambulatorioprivatomedico.com\/poli\/umberto-pratella\/","og_site_name":"Poliambulatorio Privato Medico Odontoiatrico S.r.l. | Via Frassoni,13\/1 - 41034 Finale Emilia (Mo) P.iva 01467380380 - C.C.I.A.A. LIC.SAN.10075 16 Iscr.Reg.Imprese MO-332935 Direttore Sanitario: Dottor Alberto Facchini","article_modified_time":"2021-05-01T13:05:26+00:00","og_image":[{"url":"https:\/\/poliambulatorioprivatomedico.com\/poli\/wp-content\/uploads\/2021\/04\/cropped-BN-POLI-9-1024x1024.png","type":"","width":"","height":""}],"twitter_card":"summary_large_image","twitter_misc":{"Tempo di lettura stimato":"5 minuti"},"schema":{"@context":"https:\/\/schema.org","@graph":[{"@type":"WebPage","@id":"https:\/\/poliambulatorioprivatomedico.com\/poli\/umberto-pratella\/","url":"https:\/\/poliambulatorioprivatomedico.com\/poli\/umberto-pratella\/","name":"UMBERTO PRATELLA - Poliambulatorio Privato Medico Odontoiatrico S.r.l. | Via Frassoni,13\/1 - 41034 Finale Emilia (Mo) P.iva 01467380380 - C.C.I.A.A. LIC.SAN.10075 16 Iscr.Reg.Imprese MO-332935 Direttore Sanitario: Dottor Alberto Facchini","isPartOf":{"@id":"https:\/\/poliambulatorioprivatomedico.com\/poli\/#website"},"primaryImageOfPage":{"@id":"https:\/\/poliambulatorioprivatomedico.com\/poli\/umberto-pratella\/#primaryimage"},"image":{"@id":"https:\/\/poliambulatorioprivatomedico.com\/poli\/umberto-pratella\/#primaryimage"},"thumbnailUrl":"https:\/\/poliambulatorioprivatomedico.com\/poli\/wp-content\/uploads\/2021\/04\/cropped-BN-POLI-9-1024x1024.png","datePublished":"2021-04-27T15:55:02+00:00","dateModified":"2021-05-01T13:05:26+00:00","breadcrumb":{"@id":"https:\/\/poliambulatorioprivatomedico.com\/poli\/umberto-pratella\/#breadcrumb"},"inLanguage":"it-IT","potentialAction":[{"@type":"ReadAction","target":["https:\/\/poliambulatorioprivatomedico.com\/poli\/umberto-pratella\/"]}]},{"@type":"ImageObject","inLanguage":"it-IT","@id":"https:\/\/poliambulatorioprivatomedico.com\/poli\/umberto-pratella\/#primaryimage","url":"https:\/\/poliambulatorioprivatomedico.com\/poli\/wp-content\/uploads\/2021\/04\/cropped-BN-POLI-9.png","contentUrl":"https:\/\/poliambulatorioprivatomedico.com\/poli\/wp-content\/uploads\/2021\/04\/cropped-BN-POLI-9.png","width":1087,"height":1087,"caption":"Lo staff al POLIAMBULATORIO PRIVATO MEDICO ODONTOIATRICO FINALE EMILIA"},{"@type":"BreadcrumbList","@id":"https:\/\/poliambulatorioprivatomedico.com\/poli\/umberto-pratella\/#breadcrumb","itemListElement":[{"@type":"ListItem","position":1,"name":"Home","item":"https:\/\/poliambulatorioprivatomedico.com\/poli\/"},{"@type":"ListItem","position":2,"name":"UMBERTO PRATELLA"}]},{"@type":"WebSite","@id":"https:\/\/poliambulatorioprivatomedico.com\/poli\/#website","url":"https:\/\/poliambulatorioprivatomedico.com\/poli\/","name":"Poliambulatorio Privato Medico Odontoiatrico S.r.l. | Via Frassoni,13\/1 - 41034 Finale Emilia (Mo) P.iva 01467380380 - C.C.I.A.A. LIC.SAN.10075 16 Iscr.Reg.Imprese MO-332935 Direttore Sanitario: Dottor Alberto Facchini","description":"Uno di famiglia, per tutta la famiglia","publisher":{"@id":"https:\/\/poliambulatorioprivatomedico.com\/poli\/#organization"},"potentialAction":[{"@type":"SearchAction","target":{"@type":"EntryPoint","urlTemplate":"https:\/\/poliambulatorioprivatomedico.com\/poli\/?s={search_term_string}"},"query-input":{"@type":"PropertyValueSpecification","valueRequired":true,"valueName":"search_term_string"}}],"inLanguage":"it-IT"},{"@type":"Organization","@id":"https:\/\/poliambulatorioprivatomedico.com\/poli\/#organization","name":"Poliambulatorio Privato Medico Odontoiatrico S.r.l. | Via Frassoni,13\/1 - 41034 Finale Emilia (Mo) P.iva 01467380380 - C.C.I.A.A. LIC.SAN.10075 16 Iscr.Reg.Imprese MO-332935 Direttore Sanitario: Dottor Alberto Facchini","url":"https:\/\/poliambulatorioprivatomedico.com\/poli\/","logo":{"@type":"ImageObject","inLanguage":"it-IT","@id":"https:\/\/poliambulatorioprivatomedico.com\/poli\/#\/schema\/logo\/image\/","url":"https:\/\/poliambulatorioprivatomedico.com\/poli\/wp-content\/uploads\/2021\/04\/logo-poli-bianco-sito.png","contentUrl":"https:\/\/poliambulatorioprivatomedico.com\/poli\/wp-content\/uploads\/2021\/04\/logo-poli-bianco-sito.png","width":395,"height":84,"caption":"Poliambulatorio Privato Medico Odontoiatrico S.r.l. | Via Frassoni,13\/1 - 41034 Finale Emilia (Mo) P.iva 01467380380 - C.C.I.A.A. LIC.SAN.10075 16 Iscr.Reg.Imprese MO-332935 Direttore Sanitario: Dottor Alberto Facchini"},"image":{"@id":"https:\/\/poliambulatorioprivatomedico.com\/poli\/#\/schema\/logo\/image\/"}}]}},"_links":{"self":[{"href":"https:\/\/poliambulatorioprivatomedico.com\/poli\/wp-json\/wp\/v2\/pages\/470","targetHints":{"allow":["GET"]}}],"collection":[{"href":"https:\/\/poliambulatorioprivatomedico.com\/poli\/wp-json\/wp\/v2\/pages"}],"about":[{"href":"https:\/\/poliambulatorioprivatomedico.com\/poli\/wp-json\/wp\/v2\/types\/page"}],"author":[{"embeddable":true,"href":"https:\/\/poliambulatorioprivatomedico.com\/poli\/wp-json\/wp\/v2\/users\/1"}],"replies":[{"embeddable":true,"href":"https:\/\/poliambulatorioprivatomedico.com\/poli\/wp-json\/wp\/v2\/comments?post=470"}],"version-history":[{"count":23,"href":"https:\/\/poliambulatorioprivatomedico.com\/poli\/wp-json\/wp\/v2\/pages\/470\/revisions"}],"predecessor-version":[{"id":1419,"href":"https:\/\/poliambulatorioprivatomedico.com\/poli\/wp-json\/wp\/v2\/pages\/470\/revisions\/1419"}],"wp:attachment":[{"href":"https:\/\/poliambulatorioprivatomedico.com\/poli\/wp-json\/wp\/v2\/media?parent=470"}],"curies":[{"name":"wp","href":"https:\/\/api.w.org\/{rel}","templated":true}]}}